2)/8)/((-2)/11)?
21
Let k = -129 + 162. What is the remainder when 127 is divided by k?
28
Let v(t) = t**3 + 8*t**2 + 6*t - 1. What is the remainder when 10 is divided by v(-7)?
4
Calculate the remainder when 6 is divided by 24/(-60) + (-17)/(-5).
0
Let c(g) = g**2 + 7*g - 1. What is the remainder when 20 is divided by c(-8)?
6
Calculate the remainder when 4/(-1) - (-21)/1 is divided by 7.
3
Let u = -121 - -205. Suppose z - u = -2*z. What is the remainder when z is divided by 15?
13
Let o(v) = -v**2 + 8*v + 13. Let y be o(9). Suppose y*h + 57 = 5*h. Let p(i) = i**3 - 15*i**2 - 15*i + 4. Calculate the remainder when h is divided by p(16).
17
Let u = -1 - -4. Suppose 2*k + u*k - 304 = -c, -20 = -5*c. What is the remainder when k is divided by 21?
18
Suppose 3*l + 2*l + 19 = 3*h, 2*h - 2*l = 18. Suppose -2*q - 3 = 3*w - 5*q, -3*w + 7 = -5*q. Let r = w - -30. What is the remainder when r is divided by h?
11
What is the remainder when 139 is divided by (-2)/(-8) + 875/20 + 3?
45
Let p = -13 - -14. Suppose -2*q = -2*v + 7*v + p, -2*v = 6. Calculate the remainder when 18 is divided by q.
4
Let j = 108 - 93. Calculate the remainder when j is divided by 12.
3
Let j(h) = -35*h**3 + 2*h**2 - 2. Calculate the remainder when j(-1) is divided by 12.
11
Let r(p) = -p**3 + 11*p**2 + 13*p + 6. What is the remainder when r(12) is divided by 2?
0
Let q(d) = 3*d**3 - 2*d**2 + d - 2. Calculate the remainder when 30 is divided by q(2).
14
Suppose 4*b = -3*y - 22 - 5, b + 3 = 0. Let f = 6 + y. Calculate the remainder when (-2)/((4/(-38))/f) is divided by 11.
8
Suppose 0*y - 4*y = -212. Calculate the remainder when y is divided by 14.
11
Let q = -18 - -33. Calculate the remainder when q*(-4)/(-18)*3 is divided by 1/(-2 - (-13)/6).
4
Suppose 0 = f + 1 - 5. Suppose 18 = 5*k + 3. What is the remainder when f is divided by k?
1
Suppose -2*b + 3*m = 3*b - 31, -b = m - 3. Let t(q) = q**2 + 13*q - 17. What is the remainder when t(-15) is divided by b?
3
Let m = 2 - 2. Suppose 2*b + 28 = -m*b. Let z = 22 + b. What is the remainder when 15 is divided by z?
7
Let v = -5 - -13. Let s = 9 + 6. Calculate the remainder when s is divided by v.
7
Let w(r) = -2 - 2 - 2 + r**2. Let t be (10 - 0)/(8/(-4)). What is the remainder when w(t) is divided by 7?
5
Let x(u) = 17*u**2. Suppose -2*h = -7*h + 5. Let c be x(h). Let s = -3 + c. Calculate the remainder when 53 is divided by s.
11
Let i(d) = -3*d - 9. Let b be i(-6). Let l = b - 6. Suppose -4*m + 4*j + 88 = 0, -m - l*j + 0 + 34 = 0. What is the remainder when m is divided by 9?
7
Suppose t = -4*y + 31, 3*t - 14 = 2*y - 47. What is the remainder when 35 is divided by y?
8
Let t = 12 - 7. Suppose 4*q + 37 = 261. Suppose 4*o + 0*o - q = 0. What is the remainder when o is divided by t?
4
Let v(d) = -d**2 - d + 2. Let z be v(-4). Calculate the remainder when (1 + 2)/((-2)/z) is divided by 8.
7
Suppose 8 = 4*p - 2*n - 8, -21 = -5*p + 3*n. Suppose 0 = p*l + h - 19, -5*h - 15 = -2*h. What is the remainder when l is divided by 3?
2
Let l = 10 - -35. Suppose -3*n = -8*n, 3*r + l = 5*n. Calculate the remainder when 44 is divided by 2*3*r/(-6).
14
Suppose -40 - 11 = -3*z + 3*w, 4*w = -z + 27. What is the remainder when 56 is divided by z?
18
What is the remainder when 26 is divided by 1*1*(8 + (0 - 1))?
5
Suppose -3*t - 14 = 2*k, -14 = 2*t - t - 4*k. Let a be (12/(-9) + 2)*18. Let c = a + t. What is the remainder when 16 is divided by c?
4
Let a = -3 - -6. Let m = -16 + 12. Calculate the remainder when (8/5)/(m/(-10)) is divided by a.
1
Let c = 39 + 6. Calculate the remainder when c is divided by 23.
22
Suppose -5*d - 31 = 14. Let g = 12 + d. What is the remainder when 9 is divided by g?
0
Suppose -f = 3*l - 35, 2*l - 5*f - 46 = -0*l. Let r = 92 - 43. What is the remainder when r is divided by l?
10
Suppose 5*i + 10 = 15. What is the remainder when 2 is divided by i?
0
Suppose 0 = f - 4 - 0. Suppose 4*n = -k + f*k + 23, 3*n - 2*k = 17. Calculate the remainder when n is divided by 2.
1
Let y be (1 - -1) + 6/2. Suppose 6*r - 26 = 2*r - y*u, -2 = -u. Calculate the remainder when r is divided by 2.
0
Let s(p) = -7*p - 4. Let n = -10 - -7. Let w = 26 - -7. Calculate the remainder when w is divided by s(n).
16
Let b = 1 + 1. Suppose -2*k = 4*l + 99 - 327, -3*l + 157 = 5*k. Calculate the remainder when l is divided by (b + -12 - 0)*-2.
19
Let f = -117 + 184. Calculate the remainder when f is divided by 17.
16
Let o(h) = 4*h + 13. Let a be o(6). Suppose -4*n = 3*r - a, 2*r + 29 = 3*n + 2*n. Calculate the remainder when 27 is divided by n.
6
Let a(r) = r**3 + 9*r**2 + 2*r - 2. Calculate the remainder when a(-4) is divided by 6/3*-2 + 28.
22
Calculate the remainder when (31/2 + 3)*(-1 - -3) is divided by 10.
7
Let v be 4 + 4/6*81. Let p = -36 + v. Let c(t) = t**3 - t**2 + 3*t - 2. Calculate the remainder when p is divided by c(2).
6
Let s(v) = -v. Calculate the remainder when 15 is divided by s(-4).
3
Suppose 4*u - 60 = -u. What is the remainder when 58 is divided by u?
10
Let o = 3 + -1. Suppose 5*w - 10 = -0*w. What is the remainder when w is divided by o?
0
Let s be (-80)/(-2) - (-10)/(-5). What is the remainder when 0 + -3 + 6 + s is divided by 14?
13
Let b(f) = 7*f + 51. Calculate the remainder when b(4) is divided by 21.
16
Suppose c = 2*c - 5*a - 12, 5*c + 5*a = 150. What is the remainder when c is divided by 7?
6
Let i = 7 - -6. Let h(c) = 4*c - 5 - c**3 - 3*c + 4*c - 4*c**2 - 2*c. What is the remainder when i is divided by h(-5)?
3
Suppose -3*b + 2*z = -179, 0*z - 2*z = 2*b - 116. Calculate the remainder when b is divided by 12.
11
Let h be ((-2)/(-4) - 0)*2. Calculate the remainder when 57 is divided by h - (-1)/((-1)/(-14)).
12
Suppose 4*u + 5*b + 0*b - 41 = 0, -14 = -u - 5*b. What is the remainder when 53 is divided by u?
8
Suppose 30 = 3*i + 2*l, 3*i - 12 = 2*l + 2*l. Suppose -2*a + 12 + 18 = 0. Calculate the remainder when a is divided by i.
7
Suppose -5*f + 2293 - 753 = 0. What is the remainder when f is divided by 62?
60
Calculate the remainder when ((-2)/4)/((-1)/34) is divided by 3.
2
Let q = 400 - 396. Suppose -4*t + 2 = -3*t. Calculate the remainder when q is divided by t.
0
Suppose -3*w + 58 = -14. What is the remainder when w is divided by 13?
11
Suppose i - 11 = -5. Calculate the remainder when 16 is divided by i.
4
Let a(j) = 7*j - 12. Calculate the remainder when 24 is divided by a(4).
8
Let v be ((-4)/6 + 0)*3. Let t be (-39)/2*(-4 - v). Let l = t - 25. What is the remainder when 41 is divided by l?
13
Let h = -49 + 63. What is the remainder when 27 is divided by h?
13
Let m = -17 - -5. Let i(q) = q**2 + 16*q + 8. Let f be i(m). Calculate the remainder when 9 is divided by (-26)/(-5) - (-8)/f.
4
Suppose 6*r - 30 = 3*r. Suppose r*s - 12 = 6*s. Calculate the remainder when 4 is divided by s.
1
Let g(n) = -7*n + 1. Let w = 139 - 97. What is the remainder when w is divided by g(-3)?
20
Let k(u) = -u**3 + 6*u**2 + 2*u - 9. Let w be k(6). Suppose -p + 10 + 11 = -w*v, -2*v + 71 = 5*p. Calculate the remainder when p is divided by 8.
7
Let y = 25 - 5. Calculate the remainder when 78 is divided by y.
18
Suppose 4*j = -h + 32, -2*j = -3*h + 5*h - 34. What is the remainder when 34 is divided by h?
10
Suppose 0 = -5*t - 2*z + 5, -3*t + 3*z + 29 = -z. Let i = t - 8. Let p(x) = -x + 1. What is the remainder when 16 is divided by p(i)?
4
Calculate the remainder when (-9)/21 - (-2008)/14 is divided by 30.
23
Let z(y) = y**3 - 3*y**2 - 3*y + 5. Let h be z(4). Suppose w + 0*j - 4*j + h = 0, 0 = 4*w + j - 15. What is the remainder when 7 is divided by w?
1
Suppose 3*p + 3*b = -p + 92, 5*p - 84 = 4*b. What is the remainder when 77 is divided by p?
17
Let g = -103 - -110. What is the remainder when 13 is divided by g?
6
Suppose -8 = -y - 3*y. Suppose -5*n + 9 = y*s, -3*n - 21 - 3 = -3*s. Let c(m) = m + 9. What is the remainder when c(10) is divided by s?
5
Suppose -5*m + b + 187 = 0, 2*m - 5*b = 7*m - 175. Calculate the remainder when 144 is divided by m.
33
Let s(p) = -5*p + 6. Calculate the remainder when s(-11) is divided by 13.
9
Suppose -3*g - 14 = -5*g. Suppose g*v - 2*v - 40 = 0. Suppose 5*t + n - 27 = -3*n, n = 3. What is the remainder when v is divided by t?
2
Let t = 10 - 11. Calculate the remainder when (t - 44/(-4)) + 1 is divided by 3